 2.
2
Calculate the greatest common divisor of 99 and 671.
11
What is the highest common divisor of 10293 and 47?
47
Calculate the greatest common factor of 64 and 32.
32
Calculate the greatest common divisor of 1420 and 40.
20
Calculate the highest common factor of 741 and 114.
57
Calculate the greatest common divisor of 550 and 490.
10
What is the highest common factor of 30 and 135?
15
Calculate the highest common factor of 231 and 132.
33
What is the highest common factor of 648 and 8?
8
Calculate the highest common divisor of 57 and 27.
3
What is the greatest common divisor of 36 and 1548?
36
Calculate the highest common factor of 80 and 144.
16
What is the highest common factor of 2158 and 166?
166
Calculate the highest common divisor of 16 and 784.
16
Calculate the greatest common divisor of 7 and 17.
1
What is the greatest common divisor of 22 and 946?
22
What is the highest common divisor of 320 and 2?
2
What is the greatest common factor of 98 and 42434?
98
Calculate the highest common factor of 63 and 10773.
63
What is the greatest common factor of 2714 and 236?
118
Calculate the greatest common divisor of 12 and 896.
4
What is the highest common factor of 1992 and 48?
24
What is the greatest common factor of 396 and 54?
18
What is the greatest common divisor of 110 and 88?
22
What is the greatest common divisor of 273 and 507?
39
What is the highest common divisor of 22 and 154?
22
Calculate the highest common divisor of 282 and 6.
6
Calculate the greatest common factor of 216 and 198.
18
Calculate the highest common divisor of 99 and 55.
11
What is the greatest common divisor of 33 and 627?
33
What is the greatest common divisor of 1577 and 19?
19
What is the highest common factor of 36 and 4?
4
What is the highest common factor of 33 and 957?
33
What is the greatest common factor of 513 and 81?
27
What is the greatest common factor of 40 and 15?
5
Calculate the highest common divisor of 228 and 48.
12
Calculate the greatest common factor of 12 and 60.
12
What is the greatest common factor of 364 and 14?
14
What is the greatest common factor of 22 and 22?
22
Calculate the highest common divisor of 110 and 1738.
22
What is the greatest common factor of 161 and 69?
23
What is the highest common factor of 1986 and 18?
6
What is the greatest common divisor of 396 and 22?
22
Calculate the highest common divisor of 2961 and 893.
47
What is the greatest common divisor of 946 and 22?
22
Calculate the highest common divisor of 62 and 682.
62
Calculate the greatest common factor of 60 and 8040.
60
Calculate the highest common factor of 84 and 35.
7
What is the highest common factor of 12 and 52?
4
Calculate the greatest common divisor of 65 and 143.
13
Calculate the greatest common factor of 114 and 6916.
38
Calculate the greatest common factor of 1072 and 938.
134
Calculate the greatest common factor of 260 and 20.
20
Calculate the greatest common factor of 6308 and 32.
4
Calculate the highest common divisor of 26201 and 266.
133
Calculate the highest common factor of 4214 and 172.
86
What is the greatest common factor of 558 and 54?
18
What is the greatest common divisor of 2 and 15984?
2
What is the greatest common factor of 840 and 270?
30
What is the highest common factor of 1107 and 287?
41
What is the greatest common divisor of 3185 and 65?
65
Calculate the highest common divisor of 16825 and 75.
25
What is the greatest common factor of 575 and 3425?
25
Calculate the greatest common factor of 35 and 33145.
35
Calculate the highest common divisor of 6 and 9444.
6
Calculate the greatest common divisor of 24 and 198.
6
Calculate the highest common factor of 236 and 59.
59
What is the greatest common divisor of 102 and 27?
3
Calculate the greatest common factor of 2666 and 172.
86
Calculate the highest common factor of 44 and 66.
22
Calculate the highest common divisor of 3267 and 726.
363
Calculate the greatest common divisor of 71 and 2059.
71
What is the greatest common factor of 146 and 17374?
146
What is the greatest common divisor of 26 and 91?
13
What is the greatest common divisor of 2047 and 623?
89
Calculate the greatest common divisor of 20 and 565.
5
Calculate the greatest common factor of 75 and 4125.
75
Calculate the greatest common factor of 1416 and 18.
6
What is the greatest common factor of 1400 and 3800?
200
Calculate the highest common factor of 192 and 304.
16
Calculate the greatest common divisor of 2604 and 1134.
42
Calculate the highest common factor of 684 and 2508.
228
Calculate the greatest common divisor of 8 and 1112.
8
What is the greatest common factor of 469 and 7?
7
Calculate the highest common factor of 7 and 20433.
7
Calculate the greatest common divisor of 126 and 72.
18
What is the greatest common divisor of 418 and 286?
22
What is the greatest common factor of 14 and 14?
14
What is the greatest common factor of 110 and 5?
5
Calculate the greatest common factor of 140 and 2030.
70
Calculate the highest common divisor of 299 and 4623.
23
What is the greatest common factor of 73 and 1241?
73
Calculate the greatest common factor of 1550 and 62.
62
What is the highest common divisor of 153 and 561?
51
What is the greatest common factor of 527 and 93?
31
Calculate the greatest common divisor of 18 and 20367.
9
What is the highest common divisor of 68 and 4828?
68
Calculate the greatest common factor of 312 and 234.
78
Calculate the greatest common divisor of 351 and 286.
13
What is the highest common factor of 366 and 18544?
122
What is the highest common factor of 1701 and 882?
63
What is the greatest common divisor of 4563 and 1352?
169
What is the highest common divisor of 150 and 400?
50
Calculate the highest common divisor of 102 and 1326.
102
What is the highest common factor of 3619 and 55?
11
What is the greatest common factor of 18 and 36?
18
Calculate the greatest common divisor of 756 and 648.
108
Calculate the highest common factor of 2385 and 45.
45
Calculate the greatest common divisor of 2300 and 92.
92
Calculate the highest common divisor of 5588 and 635.
127
Calculate the greatest common divisor of 140 and 196.
28
Calculate the greatest common factor of 162 and 138.
6
What is the highest common factor of 65 and 689?
13
What is the greatest common divisor of 209 and 95?
19
What is the highest common divisor of 6 and 267?
3
What is the greatest common factor of 80 and 20?
20
What is the highest common divisor of 12525 and 150?
75
What is the highest common divisor of 54 and 342?
18
Calculate the greatest common factor of 97 and 2813.
97
Calculate the highest common factor of 10 and 695.
5
What is the highest common factor of 100 and 8?
4
What is the highest common divisor of 123 and 820?
41
Calculate the greatest common factor of 204 and 340.
68
What is the greatest common divisor of 76734 and 116?
58
What is the highest common divisor of 12 and 2292?
12
What is the greatest common factor of 1222 and 1079?
13
What is the highest common factor of 320 and 64?
64
What is the greatest common factor of 1276 and 580?
116
Calculate the greatest common divisor of 286 and 52.
26
What is the greatest common factor of 324 and 792?
36
Calculate the greatest common divisor of 114 and 26106.
114
Calculate the greatest common divisor of 207 and 6739.
23
What is the highest common divisor of 1620 and 480?
60
What is the greatest common divisor of 9 and 36?
9
Calculate the greatest common divisor of 7 and 497.
7
Calculate the greatest common divisor of 2112 and 66.
66
Calculate the greatest common divisor of 101 and 3636.
101
Calculate the greatest common factor of 2413 and 1270.
127
What is the greatest common divisor of 36 and 81?
9
Calculate the greatest common divisor of 129 and 2.
1
What is the greatest common divisor of 621 and 161?
23
Calculate the highest common factor of 1107 and 11808.
369
Calculate the greatest common divisor of 25 and 3775.
25
What is the greatest common divisor of 315 and 70?
35
Calculate the greatest common factor of 360 and 15.
15
Calculate the highest common divisor of 3 and 1263.
3
What is the greatest common factor of 640 and 128?
128
Calculate the highest common divisor of 145 and 2059.
29
What is the greatest common factor of 9 and 8433?
9
Calculate the greatest comm